3334117
What are the prime factors of 86153057?
37, 1303, 1787
List the prime factors of 258221018.
2, 11, 1067029
What are the prime factors of 1497014488?
2, 187126811
List the prime factors of 3567583421.
3567583421
What are the prime factors of 259352173?
293, 885161
What are the prime factors of 3290934385?
5, 20551, 32027
What are the prime factors of 1807326529?
79, 22877551
What are the prime factors of 691805373?
3, 7, 541, 8699
List the prime factors of 84226592.
2, 151, 17431
What are the prime factors of 51280019?
7, 139, 7529
What are the prime factors of 173153210?
2, 5, 151, 114671
What are the prime factors of 6938628?
2, 3, 61, 9479
What are the prime factors of 83625962?
2, 7, 1453, 4111
List the prime factors of 91255913.
7, 73, 107, 1669
What are the prime factors of 254845251?
3, 61, 154733
What are the prime factors of 3350568451?
139, 24104809
List the prime factors of 85879267.
85879267
List the prime factors of 344164967.
6691, 51437
What are the prime factors of 355531981?
7, 50790283
What are the prime factors of 638122000?
2, 5, 319061
What are the prime factors of 406969184?
2, 1091, 11657
List the prime factors of 22497202.
2, 7, 13, 71, 1741
List the prime factors of 74985219.
3, 8331691
What are the prime factors of 1270827343?
1270827343
List the prime factors of 15212803.
109, 233, 599
What are the prime factors of 709831093?
709831093
What are the prime factors of 941277342?
2, 3, 156879557
List the prime factors of 591150777.
3, 7, 28150037
List the prime factors of 252288969.
3, 67, 1255169
List the prime factors of 987475321.
7, 139, 1014877
What are the prime factors of 22048505?
5, 79, 55819
What are the prime factors of 187778313?
3, 61, 342037
What are the prime factors of 24328769?
31, 784799
What are the prime factors of 3281986566?
2, 3, 60777529
What are the prime factors of 1889912372?
2, 17, 53, 131, 4003
List the prime factors of 30271108.
2, 7, 269, 4019
What are the prime factors of 4370684?
2, 19, 131, 439
What are the prime factors of 6704500179?
3, 13, 61, 839, 3359
List the prime factors of 46221844.
2, 17, 679733
What are the prime factors of 2937985178?
2, 23, 63869243
List the prime factors of 341389819.
523, 652753
What are the prime factors of 20474086?
2, 17, 602179
List the prime factors of 79845663.
3, 26615221
List the prime factors of 1839950127.
3, 68146301
What are the prime factors of 395799398?
2, 197, 1004567
List the prime factors of 261933148.
2, 157, 631, 661
What are the prime factors of 4419308837?
2111, 2093467
What are the prime factors of 7259910026?
2, 23, 31, 5091101
What are the prime factors of 79799715?
3, 5, 19, 53, 587
What are the prime factors of 56130439?
56130439
List the prime factors of 20957458.
2, 10478729
List the prime factors of 905585961.
3, 7, 19, 2269639
What are the prime factors of 225440906?
2, 53, 2126801
List the prime factors of 1993536771.
3, 9461, 70237
List the prime factors of 1806224438.
2, 881, 1025099
List the prime factors of 240022203.
3, 239, 334759
List the prime factors of 13344604.
2, 7, 13, 61, 601
What are the prime factors of 85235436?
2, 3, 11, 13, 5519
List the prime factors of 8486810.
2, 5, 848681
List the prime factors of 160661653.
29, 5540057
List the prime factors of 3444418.
2, 1722209
List the prime factors of 607873213.
19, 31993327
List the prime factors of 116664598.
2, 19, 41, 103, 727
What are the prime factors of 1669281532?
2, 9887, 42209
List the prime factors of 32820249.
3, 7, 11, 20297
What are the prime factors of 143125176?
2, 3, 17, 19, 37, 499
List the prime factors of 3248605.
5, 71, 9151
What are the prime factors of 1755510960?
2, 3, 5, 7, 577, 1811
List the prime factors of 135777632.
2, 4243051
List the prime factors of 34708701.
3, 37, 47, 6653
What are the prime factors of 737074367?
797, 924811
List the prime factors of 91743444.
2, 3, 13, 196033
What are the prime factors of 118047147?
3, 39349049
What are the prime factors of 2917350064?
2, 677, 269327
List the prime factors of 1376329001.
191, 7205911
What are the prime factors of 71600014?
2, 29, 433, 2851
What are the prime factors of 146940884?
2, 41, 191, 4691
What are the prime factors of 539652629?
1033, 522413
List the prime factors of 319364188.
2, 11, 13, 601, 929
What are the prime factors of 285083870?
2, 5, 59, 271, 1783
What are the prime factors of 5570024145?
3, 5, 7, 53047849
What are the prime factors of 541109770?
2, 5, 2137, 25321
What are the prime factors of 387010008?
2, 3, 7, 11, 23269
List the prime factors of 290466338.
2, 19, 563, 13577
List the prime factors of 603579691.
11, 13, 43, 103, 953
What are the prime factors of 68127623?
68127623
What are the prime factors of 1213396068?
2, 3, 101116339
What are the prime factors of 96913145?
5, 7, 23, 131, 919
What are the prime factors of 54309437?
7, 13, 463, 1289
List the prime factors of 270097794.
2, 3, 233, 21467
What are the prime factors of 248743093?
248743093
What are the prime factors of 41588998?
2, 11, 43, 43963
What are the prime factors of 896870877?
3, 7, 277, 154181
What are the prime factors of 452880570?
2, 3, 5, 15096019
What are the prime factors of 47269273?
127, 467, 797
What are the prime factors of 82570857?
3, 27523619
What are the prime factors of 5384295507?
3, 1794765169
List the prime factors of 18137785.
5, 41, 103, 859
List the prime factors of 1360873309.
19, 31, 2310481
List the prime factors of 1016034733.
7, 17, 8538107
List the prime factors of 817389836.
2, 204347459
What are the prime factors of 42726886?
2, 21363443
What are the prime factors of 92452572?
2, 3, 47, 101, 541
What are the prime factors of 537777354?
2, 3, 17, 5272327
List the prime factors of 40880311.
40880311
List the prime factors of 47817695.
5, 503, 19013
What are the prime factors of 870727917?
3, 290242639
What are the prime factors of 2471680621?
109, 131, 173099
List the prime factors of 134800542.
2, 3, 191, 39209
List the prime factors of 1320398769.
3, 359, 1225997
What are the prime factors of 1378499404?
2, 107, 3220793
What are the prime factors of 322178542?
2, 7, 503, 45751
List the prime factors of 98646180.
2, 3, 5, 1644103
List the prime factors of 3031289663.
3031289663
List the prime factors of 1411000327.
11, 128272757
What are the prime factors of 2004589821?
3, 13, 1759, 29221
List the prime factors of 18244624.
2, 1140289
What are the prime factors of 111953230?
2, 5, 11195323
What are the prime factors of 1017548501?
1017548501
List the prime factors of 1171586507.
7, 13, 281, 45817
List the prime factors of 130647576.
2, 3, 5443649
List the prime factors of 973824474.
2, 3, 7, 23186297
What are the prime factors of 82427666?
2, 41213833
List the prime factors of 2996360536.
2, 13, 101, 21943
What are the prime factors of 6204403457?
7, 31, 28591721
What are the prime factors of 227516618?
2, 7, 73, 222619
What are the prime factors of 273380234?
2, 67, 2040151
What are the prime factors of 122247518?
2, 61123759
List the prime factors of 4122533054.
2, 2061266527
What are the prime factors of 2959775882?
2, 7, 19, 11126977
What are the prime factors of 501216486?
2, 3, 139, 600979
List the prime factors of 64644646.
2, 11, 47, 101, 619
List the prime factors of 142338296.
2, 17792287
List the prime factors of 575564711.
29, 37, 536407
What are the prime factors of 34014348?
2, 3, 17, 55579
What are the prime factors of 19774007?
11, 1797637
List the prime factors of 148089563.
148089563
List the prime factors of 73980060.
2, 3, 5, 7, 11, 67, 239
List the prime factors of 145299057.
3, 48433019
What are the prime factors of 63959001?
3, 71, 300277
List the prime factors of 168161974.
2, 84080987
What are the prime factors of 118150271?
1759, 67169
List the prime factors of 5128369227.
3, 6421, 29581
List the prime factors of 597789729.
3, 7867, 8443
What are the prime factors of 155103698?
2, 77551849
List the prime factors of 1284470557.
1284470557
What are the prime factors of 619123816?
2, 17, 19, 31, 59, 131
What are the prime factors of 4002055764?
2, 3, 7, 131, 363691
What are the prime factors of 3759270672?
2, 3, 4507, 17377
List the prime factors of 131368199.
131368199
List the prime factors of 7243001691.
3, 17, 23, 29, 2